 is -1322237b1 + -2?
-1322237b3
In base 13, what is -13 - -77592?
7757c
In base 10, what is -1 + -5174242?
-5174243
In base 7, what is 1 + 11350331?
11350332
In base 11, what is -26169951 + -8?
-26169959
In base 10, what is -523 + -17469?
-17992
In base 11, what is -510054a2 + -3?
-510054a5
In base 8, what is -6 - -202126160?
202126152
In base 13, what is 317823b + 6?
3178244
In base 5, what is 1112 - -13003133?
13004300
In base 15, what is 6a5 + 5519?
5bbe
In base 15, what is -376c6e1 - 3?
-376c6e4
In base 8, what is -1454 - -123651?
122175
In base 13, what is 6ab6694 - -5?
6ab6699
In base 6, what is 112 + -2412052?
-2411540
In base 10, what is 314 + -1433723?
-1433409
In base 7, what is -16033 - -231320?
212254
In base 4, what is -21011 - -130001100?
123320023
In base 11, what is -22a9aa67 - 25?
-22a9aa91
In base 11, what is -1188 + -2888?
-3a65
In base 12, what is 263159a3 - -4?
263159a7
In base 16, what is -5 - 14bb891?
-14bb896
In base 8, what is -1350 + 60121?
56551
In base 8, what is -2620530 - 173?
-2620723
In base 11, what is -29702118 - -4?
-29702114
In base 2, what is 11001010 - -1101010111000010001?
1101010111011011011
In base 9, what is -777313 + 70?
-777233
In base 12, what is -4ba + 96107?
95809
In base 5, what is 121021121414 + 10?
121021121424
In base 8, what is 377314 + 646?
400162
In base 9, what is -2 - -3741516?
3741514
In base 14, what is -333 + -11a163?
-11a496
In base 14, what is -a7 + -d8c3?
-d98a
In base 2, what is -10011 - -11100000011110110101011101?
11100000011110110101001010
In base 11, what is -622 + -a0131?
-a0753
In base 2, what is -11 - -11010001001011101101000?
11010001001011101100101
In base 7, what is -2610452131 - -4?
-2610452124
In base 10, what is 6246 - -3132?
9378
In base 2, what is -10010000101100 - -100001110111?
-1101110110101
In base 2, what is 11001011111000001 + -1111001110001?
10111100101010000
In base 12, what is -11 + -a77278?
-a77289
In base 13, what is -c92 + -14523?
-154b5
In base 6, what is -5 + 44534452?
44534443
In base 5, what is 1334430400 - 10?
1334430340
In base 13, what is -2c996c53 + 0?
-2c996c53
In base 15, what is 4e8be3b - -5?
4e8be41
In base 5, what is 3441431 + -10333?
3431043
In base 8, what is -700341 - -66?
-700253
In base 7, what is -4212465 + 1?
-4212464
In base 10, what is -6 + -25375795?
-25375801
In base 6, what is -3420545 - -10541?
-3410004
In base 8, what is -10217044 - 50?
-10217114
In base 6, what is -2345 - -2040405?
2034020
In base 10, what is -186 - -11682?
11496
In base 13, what is 43b8 + -37720?
-33335
In base 10, what is 80 + 183991?
184071
In base 13, what is -3c3709aa - 5?
-3c3709b2
In base 5, what is -202312203 - 1013?
-202313221
In base 15, what is -30436163 + -2?
-30436165
In base 2, what is -10 + -101111100011010101100000?
-101111100011010101100010
In base 7, what is 55562661 - 120?
55562541
In base 14, what is 1d36 - -10580?
124b6
In base 13, what is -102723c + -10?
-102724c
In base 6, what is -54141 + 130251?
32110
In base 13, what is -3015728 + -3?
-301572b
In base 12, what is -524 - -1453b1?
144a89
In base 9, what is 1008681 + -14?
1008666
In base 4, what is -103322033110 + -1000?
-103322100110
In base 5, what is 134130123121 + 3?
134130123124
In base 2, what is -101000000 - 10010011001100?
-10011000001100
In base 15, what is 4747 - -59c?
4ce4
In base 4, what is 20 + 12313132133?
12313132213
In base 5, what is 10 + -114104103111?
-114104103101
In base 15, what is -892 + 4c9d?
440b
In base 11, what is 10a05401 + -5?
10a053a7
In base 4, what is 0 + 3030231000?
3030231000
In base 5, what is 0 + -33404033132?
-33404033132
In base 9, what is 405203 - -21?
405224
In base 12, what is b865164 - -1?
b865165
In base 2, what is 1100001001 + -100011000100100001?
-100010111000011000
In base 6, what is -2 - -500512230?
500512224
In base 13, what is a59 - 155109?
-154380
In base 3, what is -212212110 - 22122200?
-1012112010
In base 8, what is 4637572 + -123?
4637447
In base 14, what is 2d791 + -751?
2d040
In base 7, what is 20 - 2646010?
-2645660
In base 9, what is -41 + 2153315?
2153264
In base 11, what is 1a8a9 - 1563a?
526a
In base 16, what is -173 + 296d0?
2955d
In base 13, what is 63 + -7b581?
-7b51b
In base 2, what is -110000100111001111000 + -1?
-110000100111001111001
In base 6, what is -404520345 + 114?
-404520231
In base 8, what is 117 + -6555?
-6436
In base 15, what is 3 + 1c032b2?
1c032b5
In base 11, what is -3795024 - -23?
-3795001
In base 6, what is 4003424242 + -4?
4003424234
In base 5, what is 13333 - 2220033?
-2201200
In base 6, what is -55513 + 1323?
-54150
In base 14, what is -1499b4 - -4d9?
-1494b9
In base 12, what is -5910a + 23b?
-58a8b
In base 4, what is -10 - 232323121022?
-232323121032
In base 2, what is -111 - -1000000110111101111?
1000000110111101000
In base 4, what is 12133013020313 - 10?
12133013020303
In base 5, what is 212141032 + 1?
212141033
In base 9, what is -7 + 72401755?
72401747
In base 10, what is 5 - 5570215?
-5570210
In base 6, what is 3 - 122003150?
-122003143
In base 9, what is 14478357 - 25?
14478332
In base 14, what is 2 + 58b70dd?
58b7101
In base 3, what is 2121122102000222 - 10?
2121122102000212
In base 11, what is -74a544 + -136?
-74a67a
In base 2, what is -101 - 10100010100101101101000?
-10100010100101101101101
In base 12, what is 168 + 59457?
59603
In base 11, what is -21277aa9 + 4?
-21277aa5
In base 8, what is 316732647 + -4?
316732643
In base 2, what is -1010 - 1001011001000101101?
-1001011001000110111
In base 12, what is 126 + -6257?
-6131
In base 10, what is 0 + -4823317?
-4823317
In base 4, what is -1013302200002 - 3?
-1013302200011
In base 8, what is 17 - -634460?
634477
In base 14, what is -42a919a - -4?
-42a9196
In base 14, what is 2a - -2bba3?
2bbcd
In base 4, what is 2200 + 1000221212?
1000230012
In base 7, what is 2 + 340660253?
340660255
In base 4, what is 10110101212300 + 11?
10110101212311
In base 12, what is -2 - -3435516?
3435514
In base 2, what is -1000011111011010 + 11?
-1000011111010111
In base 3, what is 211 + -122101010010?
-122101002022
In base 2, what is 1001 - -10001101001000100011101110?
10001101001000100011110111
In base 9, what is -188274706 + -2?
-188274708
In base 11, what is 2 + -9573354?
-9573352
In base 13, what is -7975978c + -5?
-79759794
In base 4, what is -11000320312 - -230?
-11000320022
In base 16, what is -2a7 - -3612a?
35e83
In base 13, what is 3 - -967c7?
967ca
In base 11, what is -8 + 229866?
229859
In base 8, what is -327535567 + -4?
-327535573
In base 2, what is 1010011100001110001010010 - -100?
1010011100001110001010110
In base 14, what is 3 + 26a8c0?
26a8c3
In base 12, what is 576a2 - -a25?
58507
In base 4, what is 113210 + 30203121?
30322331
In base 2, what is -100011101 - 11101101100011100?
-11101110000111001
In base 8, what is 65013 + -250?
64543
In base 16, what is 610f7 + 3d0?
614c7
In base 7, what is -316003 + 261?
-315412
In base 4, what is -1233200 - 13002020?
-20301220
In base 11, what is 287 + 9607?
9893
In base 11, what is -41 - 43?
-84
In base 15, what is 0 - 34ea5d?
-34ea5d
In base 16, what is -4 - -2c2f0f2?
2c2f0ee
In base 3, what is 1110111 - -2101220010?
2110100121
In base 2, what is -101 + -10001011000101101100101010?
-10001011000101101100101111
In base 10, what is 5909109 - 4?
5909105
In base 16, what is -a19f + 698?
-9b07
In base 12, what is -2 + -b02520?
-b02522
In base 15, what is 4 + -1d345e7?
-1d345e3
In base 7, what is 6631 - 3505?
3123
In base 11, what is 5a75 - 1638?
4438
In base 3, what is -120211101 - 122002120?
-1012220221
In base 2, what is 101001000010101101 + -1101?
101001000010100000
In base 14, what is -c21a46 - 0?
-c21a46
In base 14, what is -15a67 - -b0?
-15997
In base 7, what is 3 + -6231530?
-6231524
In base 11, what is 1162 - -19a4a2?
1a0654
In base 15, what is 6e51ecc - 1?
6e51ecb
In base 12, what is 1030291a + -4?
10302916
In base 3, what is 22111012 + 110010?
22221022
In base 10, what is -3108418 + 1?
-3108417
In base 14, what is -234bc - 18b9?
-24d97
In base 11, what is -1036 + -15927?
-16962
In base 10, what is -7623788 - 0?
-7623788
In base 4, what is -100132032003 + 200?
-100132031203
In base 6, what is -111212003 - -12?
-111211551
In base 5, what is -113221 + 1141040?
1022314
In base 4, what is 13011021 - -123102?
1320